l(b) = -b**3 + 7*b**2 + 19*b - 7. Let s be l(9). Suppose -s*t = 0, -5*t - 1967 = -4*a + 1397. Is a composite?
True
Let g(b) = -2*b**2 + b**3 + 15 + b - 5*b**2 + 18*b**2. Let t be g(-11). Suppose 4*n + 435 = o, t*n + 1273 = 2*o + o. Is o a prime number?
True
Let z(j) = j**2 + 6*j + 15. Let o be z(-15). Suppose -5*c = 4*l - 227, o = 5*c + 5*l - 80. Is c a composite number?
False
Suppose 20*y - 21*y = -1278. Let j = y - 577. Is j a prime number?
True
Let j(u) = -8*u**3 - u**2 - 2*u - 2. Let q be j(-3). Suppose y - 2*m - 12 = 199, -y + q = m. Is y composite?
False
Suppose -3*g - 1306 = -2*k - 6200, 6522 = 4*g - k. Suppose -5*o = 5*n - g, o - 3*o = -n + 326. Is n a prime number?
False
Let z = 40 + -10. Suppose -z = -8*m + 6*m. Let h(u) = 2*u**2 - 8*u - 1. Is h(m) composite?
True
Let a be (-6)/21 + (148/28 - -3). Suppose -293 = -9*j + a*j. Is j a prime number?
True
Is -4 + 1858/(-6)*-3 - 3 a prime number?
False
Suppose -4*v - 2*z = -24, z = -3*v - 2*v + 24. Let y = 1 - v. Is (3/y)/((-3)/1335) a prime number?
False
Let i be 1 + 60 + -1 + 2. Suppose -5*u = p + p - 325, p - i = -u. Let c = u - -2. Is c a composite number?
True
Let z(m) = m**3 - 7*m**2 - 7*m - 1. Is z(13) prime?
False
Suppose -86*w + 87*w + 9 = 0. Is ((-5)/(-2) + 6 + w)*-1754 prime?
True
Let u(z) = 10*z**2 + 7. Let s = 13 + -16. Let l = 8 + s. Is u(l) a composite number?
False
Let r(l) = -103*l - 18. Suppose 20*f = 23*f + 33. Is r(f) a prime number?
False
Is -2 - 5486/6*(16 - 19) composite?
False
Is (-15)/(-10)*22164/18 a prime number?
True
Let d(b) be the second derivative of -97*b**3/6 + 5*b**2/2 + 9*b. Is d(-2) a prime number?
True
Suppose 7*y - 123 - 1620 = 0. Is (-4 - (-3 + 2))*(10 - y) composite?
True
Suppose 4*n + 12 = -c + 3*c, 5*c = n + 21. Suppose a - c = 4. Suppose -4*f - 86 = -6*f - 5*i, 2*i = a. Is f composite?
True
Let j(x) = -x**3 - x**2 - x + 1. Let u be (-2)/(-2 + 1 + 0). Let q = u - 4. Is j(q) prime?
True
Suppose 6356 = 4*w - 3436. Let m = w - 1639. Is m prime?
True
Let i = -1 - -24. Let w = 32 - i. Is w a prime number?
False
Let d = 2143 + -1276. Suppose -7*x = -4*x - d. Is x composite?
True
Suppose 0*o = -2*o - 256. Let a = o - -197. Is a a composite number?
True
Is (10871 - (-42)/6) + 5 a prime number?
True
Suppose 4*d + 400 = -3*f, 4*d = -15*f + 11*f - 400. Is 1 - 11842/(-8) - (-25)/d composite?
False
Let y be 2343/(-2)*(-22)/33 - 4. Let b = 1318 - y. Is b a prime number?
True
Suppose -2*r + 292 + 3067 = o, -5*o - 5*r + 16795 = 0. Is o a prime number?
True
Suppose 0 = -5*p + 5*x - 5 + 20, p = 5*x + 15. Suppose -4*s + 4*m = 12, p = -3*s + m + 5 - 4. Suppose -3*c - 83 = -v, s*v + c = 49 + 124. Is v a prime number?
False
Let x be (-13)/(-3) + 2/(-6). Suppose 0 = -4*o + x*c - 88, -3*o - c - 80 = 2. Let p = 89 - o. Is p a composite number?
True
Is (-213)/30*-246 - 4/(-10) a composite number?
False
Is (-2)/(-5) + 85238/230 a composite number?
True
Let k = 7 - 3. Suppose -k*s + 60 = 4*t, -4*s + 2*t - 3*t = -45. Let d = 28 + s. Is d prime?
False
Is 12/4*(5 + 1272) composite?
True
Suppose -130010 = -7*s - 3*s. Is s prime?
True
Let d(c) = -c**2 + 5*c - 2. Let n be d(5). Is n/((-6)/3) + 540 a prime number?
True
Let m = -6296 + 10933. Is m composite?
False
Suppose 0 = u + 42 - 44. Suppose 4*h - h = -u*o + 682, -5*o = -4*h - 1659. Is o composite?
True
Let r = 15028 + -4799. Is r prime?
False
Let x = 261 - 114. Let w = -53 + x. Is w prime?
False
Let a = -678 + 103. Let n = a - -808. Is n prime?
True
Suppose -5*l = 3*j - 4*l + 2, -16 = -4*l. Is 800/36 + j/9 a composite number?
True
Suppose 12544 = 7*g - 15*g. Let s = 2287 + g. Is s composite?
False
Suppose -3*u = -9, -5*b + 5564 + 6002 = -3*u. Suppose -b - 1251 = -2*r. Is r prime?
True
Suppose -16*p + 6081 = -2895. Let o = p - -172. Is o a composite number?
False
Let z = -13 + 17. Suppose 7 + 9 = z*g. Suppose g*a - 61 = 135. Is a composite?
True
Suppose 2 + 5 = -z. Let v(j) = 14*j - 6 - 3*j**2 - 6*j + 6*j**2. Is v(z) a prime number?
False
Suppose -y + 5*z + 32 = y, -y + 4*z = -22. Suppose 2*u = -2*i + y + 10, -5 = -u. Suppose -i*d + 657 = -96. Is d composite?
False
Suppose -2*t = 3*m - 51, -2*t - 3*m + 56 = -5*m. Suppose -t*v + 28*v = 1523. Is v a prime number?
True
Let l = -6232 + 14585. Is l a composite number?
False
Suppose -10*k = -5*k + 3000. Let z = k - -3017. Is z composite?
False
Let z = 120 - -448. Let b = 1683 - z. Is b composite?
True
Is (-28)/21*1 - 2950/(-3) composite?
True
Let j(s) = 15 + s - 11 - 5. Let c be j(6). Is 15/(-25) - (-268)/c a composite number?
False
Let d(i) = 2193*i + 31. Is d(2) composite?
True
Suppose a - 4*t = -2*t + 9125, 5*t - 27386 = -3*a. Is a prime?
True
Let n(x) = 19*x**2 - 6*x + 6. Let d be n(-7). Suppose 0*a - 4*a + d = 5*g, g = a - 256. Suppose -6*v + a = -5*v. Is v a prime number?
True
Is (-3 + 2 - 5)/((-14)/7679) a composite number?
True
Suppose -4*w + 32 + 28 = 0. Suppose z - w = 6*z. Is z/(-2)*422/3 a composite number?
False
Is (3 - 295/10)/(11/(-17798)) a prime number?
False
Let k(d) = 9767*d**2 + 7*d - 7. Is k(1) composite?
False
Let u(s) = 1750*s**3 - 3*s**2 + s. Let c be u(2). Suppose 7*a - c = -3*a. Is a prime?
True
Suppose -4086 = 4*a + 3690. Let o = a + 2731. Is o a composite number?
False
Is 4874/4*(-5 - -7 - 0) a composite number?
False
Let l = 59 - 57. Suppose l*m + 0*m - 524 = 2*d, -4*m - 3*d + 1027 = 0. Is m a composite number?
True
Suppose 3*n + 5*s - 10 = 27, -5*s + 46 = 4*n. Is ((-51)/n)/((-2)/174) prime?
False
Let f(x) = 12*x. Let a be f(-3). Let b be 4*(-3)/(a/21). Is 159/b + (-6)/(-21) a prime number?
True
Is (180/24 - 7)*16078 a composite number?
False
Let u be 5/10*(0 - -14). Suppose -u*v = -3*v - 12. Is (-58)/(-1) - (-3)/v prime?
True
Let w(c) be the second derivative of c**4/12 - 9*c**2/2 + 11*c. Is w(-16) prime?
False
Let c(u) = 6*u**3 - 3*u**2 + 2*u - 3. Let l be 10/45 - (-16)/9. Is c(l) a composite number?
False
Suppose -4*p - i - 43 = 0, 5 = 2*p + 3*i + 14. Is 13/(546/p) + 522/14 composite?
False
Suppose -2*c - 8633 = -2*n + 33553, -2*n = 4*c - 42162. Is n a composite number?
False
Suppose -5*t = -5*o + 46225, 0 = o + 5*t - 1329 - 7928. Is o a prime number?
False
Let v be 12/(-8)*(-10)/3. Let o(y) = 19*y**2 + 5 + 5*y**2 - 2*y**2 - v*y - y. Is o(3) a prime number?
False
Suppose 4*n - n - 5*l = 185, 3*n - 3*l - 189 = 0. Let j = 50 + -34. Let q = n - j. Is q prime?
False
Let i(g) = -24*g**3 + 9*g**2 + 2*g - 6. Is i(-7) a prime number?
False
Let l be -1 + (-4)/1 + 1. Is (-2)/(l/250) + -2 a composite number?
True
Let u = 50744 + -35055. Is u a composite number?
True
Let q(a) = -97*a**3 - 4*a**2 + 1. Let l be q(3). Is -3*(l/6 - 0) prime?
True
Let p be (2 + -3)*(127 - 1). Let g = 829 + p. Is g a prime number?
False
Let f = 3717 + -1564. Let d = -810 + f. Is d prime?
False
Let c(g) = -2*g**2 - 2*g + 379. Is c(0) a prime number?
True
Let s(x) = 1 + 2*x - 3*x - 3 + x**2 + 0. Let u be s(3). Suppose 20 = -5*o, 3*l - 5*l + 394 = u*o. Is l a composite number?
True
Suppose -5*b - 4*i = -687839, -2*b + 0*b - i = -275135. Is b composite?
False
Let q = 23 + -19. Suppose 0 = 4*j + 4*x - 5024, -q*j + 3792 = -j - 5*x. Is j a composite number?
False
Let q be -2 + 10/5 - -4. Is ((-1)/3)/(q/(-5892)) a prime number?
True
Is 191550/21 + 9/(-21) a composite number?
True
Suppose -10*p + 11549 = -9*p. Is p composite?
False
Suppose 0 = 2*i + 8. Is (-7124)/(-8) + 6/i a prime number?
False
Let d = 26609 - 6675. Is d a composite number?
True
Let d = -13876 + 25739. Is d composite?
False
Let q = 11 + -9. Let i(o) = 0*o**3 + 11 - 3*o + 11*o**q - o**3 + 0*o - 6*o. Is i(8) prime?
True
Let d(t) = t**3 + 7*t**2 + 12*t + 15. Let n be d(-12). Let c = 1496 + n. Is c a prime number?
True
Let g = -35971 - -88053. Is g a composite number?
True
Let n(h) be the third derivative of -h**6/120 - 7*h**5/30 - 5*h**4/8 - 7*h**3/6 + 12*h**2. Is n(-15) composite?
False
Let j(i) = 199*i**2 - 8*i + 38. Is j(11) a prime number?
True
Let x = -19 + 19. Suppose x*h - 2*h = 0. Suppose h = t + t - 964. Is t composite?
True
Let w(f) = -21 + 8*f**2 - 2*f + 10 - 18*f. Is w(-11) composite?
True
Suppose -47*n + 528005 = -627866. Is n prime?
True
Suppose -15*u = -14*u - 381. Is u prime?
False
Let c(b) = -26*b + 4. Let h(u) = -3*u - 4. Let d be h(-2). Let g be c(d). Let i = g + 101. Is i a composite number?
False
Suppose 0 